y = 21 + -17. What is the highest common factor of 1 and y?
1
Suppose 0 = -4*v + 52 + 156. What is the highest common factor of 13 and v?
13
Suppose -456 = -0*y - 4*y. Suppose -v = -0*v. Let q be (1/2 - v)*38. Calculate the greatest common factor of q and y.
19
Let o(w) = -w**2 - 28*w + 8. Let m be o(-24). What is the highest common factor of m and 8?
8
Let j(d) = 2*d - 8. Let x = -22 - -16. Let w be -18*(1 - x/(-4)). Let k be j(w). Calculate the greatest common divisor of k and 80.
10
Suppose 4*z - 970 - 466 = 0. Suppose -4*t = 3*g - 198, t = 5*g - 2*t - z. What is the greatest common factor of g and 28?
14
Let b be 4/6 - 66/(-9). Let j = b + 8. Let l = 9 - 5. Calculate the greatest common divisor of l and j.
4
Suppose 0*d - 15 = -3*d. Let y = 9 + -5. Suppose 12 = 4*b - y*j - 48, -d*b + j = -59. Calculate the highest common factor of 44 and b.
11
Suppose -158 = -4*m - 46. Calculate the highest common factor of 14 and m.
14
Suppose d - 1940 = -3*d. Suppose 0 = s + 4*s + d. Let z be (-1 - s) + (-1 - 0). Calculate the highest common divisor of 38 and z.
19
Let y = 6 + -1. Suppose 4*c = -l - 13, -2*l - 6 = -c + y*c. Let k = -53 + 54. Calculate the highest common divisor of l and k.
1
Suppose -12 + 3 = 3*g. Let s be 2/((-3)/18*g). Let o(f) = 9*f - 1. Let w be o(s). What is the greatest common divisor of 7 and w?
7
Let c be (4/(-12) - -3)/((-5)/(-45)). What is the highest common divisor of 8 and c?
8
Let p(a) = a**3 - 7*a**2 + a + 5. Suppose 4*x - 9 - 19 = 0. Suppose 2*r = -x + 21. Let d be p(r). Calculate the highest common divisor of d and 12.
12
Let f(r) = 3*r**3 - r + 1. Let o be f(1). What is the highest common divisor of 3 and o?
3
Suppose y = t + 72, 4*y - 222 = 5*t + 66. Calculate the greatest common divisor of y and 9.
9
Let v = 274 - 50. What is the highest common divisor of v and 14?
14
Let u = 91 - 52. Let b be (-1)/(2/(-136)) + 0. Suppose -b = m - 6*m - k, 5*m + 4*k - 77 = 0. What is the greatest common factor of u and m?
13
Let c = 5 + -2. Suppose b - 17 = -c. What is the greatest common divisor of 42 and b?
14
Let b = 32 - 17. Let o be 6/4*2*(-75)/(-3). What is the highest common divisor of o and b?
15
Let n = 97 + -37. Let r(f) = f**3 - 4*f**2 + 3*f. Let d = -12 + 16. Let q be r(d). What is the highest common divisor of n and q?
12
Let o(m) = 6 + 5 - m + 2*m - 4. Let z be o(0). Calculate the greatest common divisor of z and 49.
7
Let s(j) = 3*j - 3. Let d be s(-3). Suppose 0*v + 4*v - 68 = 0. Let y = d + v. Calculate the greatest common factor of y and 5.
5
Suppose 0*g + 5*y + 44 = 4*g, -g - 5*y = -11. Calculate the highest common factor of 121 and g.
11
Suppose -2*p = -3*t - 58, -4*p + 138 = 2*t + 3*t. Suppose 2*l + 4 = 8. Suppose 2*q = -l + 10. What is the greatest common divisor of q and p?
4
Let l(d) = d**3 - 8*d**2 + 2*d - 12. Let a be l(8). Calculate the highest common factor of a and 18.
2
Let d(p) = 69*p**2 + p. Let w be d(1). Suppose w = 10*r - 8*r. What is the highest common divisor of 14 and r?
7
Let m = -1 - -24. What is the highest common divisor of m and 184?
23
Suppose 3*z - 9 = 9. Let g be 2/4 + (-22)/(-4). Suppose 4*b - 14 = -g. What is the greatest common factor of b and z?
2
Let n(l) = 6*l + 6. Let m be n(2). Calculate the greatest common divisor of m and 9.
9
Let y(h) = h**3 - 8*h**2 - 7*h + 1. Let l be y(9). Let f(r) = -2*r**3 - 2*r**2 + 5*r - 4. Let x be f(-5). What is the greatest common divisor of l and x?
19
Suppose 2*h + 0*h = 80. Let t(n) = n**3 - 6*n**2 + 7*n + 1. Let k be t(6). Let x be k/4 + (-15)/20. What is the greatest common factor of x and h?
10
Suppose 0 = -o - 5*m - 58, -2*o = -5*m - 35 + 91. Let h = o + 67. Suppose -7 - h = -4*l. What is the highest common divisor of 99 and l?
9
Let f(x) = x + 9. Let m be f(6). Calculate the greatest common factor of 135 and m.
15
Let h be ((-4)/(-6))/(1/3). Suppose 52*t = 48*t + 16. What is the greatest common divisor of t and h?
2
Let x = 27 - 7. Suppose 2*a - 2*u + 18 = 3*a, 3*a - 4 = 4*u. Calculate the greatest common factor of x and a.
4
Let z(v) = -v**3 + 11*v**2 + 13*v + 1. Let y be z(12). Calculate the greatest common factor of 78 and y.
13
Let a = -10 + 6. Let k be 1*2 + 48/3. Let w = k + a. What is the highest common divisor of w and 56?
14
Let b be (-4 - (-21)/3) + 0. Calculate the greatest common divisor of b and 51.
3
Let g be (6/4 - (-3)/2) + 36. Calculate the greatest common divisor of g and 26.
13
Suppose -4*l = -14 - 14. Suppose 2*t - 7*t = -40. Let b be 232/t - (1 - 0). What is the greatest common factor of b and l?
7
Let d be -6*(-2 - 3/(-9)). Let u(f) = f**2 + 4*f - 4. Let m be u(-4). Let k(o) = 6*o**2 + 4*o. Let n be k(m). What is the highest common factor of n and d?
10
Let x = 7 - 4. Suppose -x*o = -22 - 14. What is the greatest common factor of o and 18?
6
Let n = 24 - -96. Let l = 274 - n. What is the highest common divisor of l and 14?
14
Let m be (-1505)/(-15) - 3/9. Suppose -5*j = -2*j + 33. Let i = 29 - j. What is the highest common divisor of m and i?
20
Let z = -51 - -70. What is the greatest common factor of z and 57?
19
Suppose 129 = 4*d - 195. Suppose -k - y - 80 = -5*k, 3*k + 3*y = 60. Let i = k - 11. Calculate the greatest common divisor of i and d.
9
Let c be (45/2)/((-6)/(-8)). Let p = -249 + 531. Let z be p/24 - 2/(-8). Calculate the greatest common divisor of z and c.
6
Let t(m) = -3*m + 14. Let z be t(-17). Calculate the highest common factor of 13 and z.
13
Let w(m) = -3*m**2 + m + 10. Let c(x) = -8*x**2 + 2*x + 29. Let o(l) = 6*c(l) - 17*w(l). Let z be o(3). Calculate the highest common factor of 4 and z.
4
Let l(v) = -v. Let c be l(1). Let t be c + (-4 - (2 - 3)). Let g be t/((1 + 1)/(-6)). What is the highest common factor of g and 24?
12
Let w(p) = p**3 - 14*p**2 - 10*p + 3. Let t be w(15). What is the greatest common factor of t and 195?
39
Let i(o) be the first derivative of 9*o**2/2 + 3*o - 3. Let m be i(3). What is the highest common divisor of m and 12?
6
Suppose -z = -4*g + 5, -5*z - 3*g - 2*g = -100. Let v(l) = -l**3 + 10*l**2 - 8*l - 6. Let d be v(9). Calculate the greatest common divisor of d and z.
3
Let z be (-32)/6*(-6)/4. Let p(m) = 2*m - 2. Let k be p(2). Suppose k*o = -c + z, o - c - 15 = 4*c. Calculate the highest common divisor of 45 and o.
5
Suppose -y + 15 = 2*y. Suppose y*h + f - 19 = 0, -3*f - 13 = -3*h - 2*f. What is the greatest common factor of h and 6?
2
Suppose -3 = -2*h + 5*h - 4*j, 0 = -5*h - 3*j + 24. Calculate the greatest common factor of 33 and h.
3
Let r be (3*1)/((9 + -2)/21). Calculate the highest common divisor of r and 3.
3
Let g(u) = 2*u**2 - 3 - u + 3 + 4 + 9*u. Let n be g(-6). What is the highest common divisor of 112 and n?
28
Suppose 5*b - 81 = -3*t - 0*b, 4*t + b = 108. Let x be 1 + 291 - (-6 - -1). What is the greatest common factor of x and t?
27
Let u be 0 - (3/3 - 11). Suppose u = 2*g - g. What is the highest common factor of 15 and g?
5
Let a = 1 - -3. Suppose z - 10 + 5 = 0. Suppose -3*u - z = -4*c, u - 3*u + c = 0. Calculate the greatest common factor of a and u.
1
Suppose n - 13 = -5. Let h be n/28 + 61/7. What is the greatest common divisor of h and 63?
9
Let q be (-6)/21 - 303/(-7). Calculate the highest common divisor of q and 43.
43
Let j be (-2)/(-4)*6 - -49. What is the greatest common factor of j and 13?
13
Let b(g) = 167*g + 11. Suppose 6*q - 4*q = 16. Let n(s) = -56*s - 4. Let c(y) = q*n(y) + 3*b(y). Let v be c(1). Calculate the highest common factor of 6 and v.
6
Let u(t) = 9*t**2 + 1. Suppose -17 = 5*g - 4*c, -3*g + 16 = -7*g + 4*c. Let n be u(g). What is the greatest common factor of 5 and n?
5
Suppose -3*j = -6*j + 72. What is the greatest common divisor of 12 and j?
12
Suppose 5*n = 4*i + 25, -n + 0*n + i = -4. Let y(z) = -18*z**3 - z**2 - z. Let t be y(-1). Calculate the highest common factor of n and t.
9
Let z be 12 + 1 + (1 - 1). Calculate the greatest common divisor of 13 and z.
13
Let q = 8 - 17. Let p be (6/4)/(q/(-66)). Calculate the greatest common factor of p and 11.
11
Let c = -45 + 72. What is the greatest common factor of c and 9?
9
Let f(c) = c - 4. Let d be f(3). Let v be 1*(-2 - d) + -8. Let m be (-4 + 1)/(v/24). Calculate the greatest common divisor of m and 88.
8
Let m = -8 + 11. Suppose -7*k + 2*k + 5*h = -50, -m*k = -h - 28. Cal